 greatest common divisor of 1124 and 77352556?
1124
Calculate the greatest common factor of 28035 and 47704.
89
What is the highest common factor of 4989 and 3236198?
1663
Calculate the greatest common divisor of 45 and 31574880.
45
What is the greatest common factor of 21 and 16081583?
7
Calculate the highest common divisor of 12622425 and 12.
3
What is the highest common factor of 23600 and 2782676?
236
Calculate the greatest common divisor of 7208 and 1358504.
136
What is the greatest common factor of 1293148 and 100?
4
Calculate the greatest common factor of 1346550 and 382.
382
What is the highest common factor of 3080862 and 16461?
531
What is the highest common factor of 35104 and 34555500?
4388
Calculate the highest common factor of 52 and 548528.
4
Calculate the greatest common factor of 34516577 and 291.
97
What is the greatest common divisor of 642 and 34425?
3
Calculate the greatest common divisor of 2767853 and 209.
11
What is the greatest common divisor of 113372 and 12?
4
What is the greatest common divisor of 3005875 and 535?
5
Calculate the highest common factor of 18512 and 817999.
1157
Calculate the greatest common factor of 794 and 5210.
2
Calculate the highest common divisor of 16156140 and 3.
3
Calculate the highest common factor of 35114745 and 30.
15
What is the highest common factor of 8588 and 1621612?
76
Calculate the greatest common factor of 4628 and 43643197.
1157
What is the greatest common factor of 180738 and 1062?
18
What is the highest common divisor of 835 and 54455861?
167
What is the highest common divisor of 1336 and 433351306?
334
What is the highest common divisor of 2110248 and 28964712?
8904
Calculate the greatest common divisor of 12963 and 1074102.
87
Calculate the greatest common factor of 26 and 5524168.
26
What is the highest common divisor of 317308 and 83812?
92
Calculate the highest common divisor of 7331649 and 624.
39
Calculate the greatest common divisor of 10502 and 513174979.
5251
Calculate the greatest common divisor of 340 and 405937475.
85
What is the highest common divisor of 87 and 13999837?
29
Calculate the highest common factor of 2646105 and 856515.
4785
Calculate the highest common factor of 12 and 246396.
12
Calculate the greatest common factor of 105 and 5342205.
15
Calculate the highest common divisor of 1776684042 and 34.
34
Calculate the greatest common divisor of 3346 and 12316626.
3346
What is the greatest common divisor of 13098 and 56499?
111
What is the greatest common divisor of 44044 and 3190891?
121
What is the highest common divisor of 763862492 and 453?
151
Calculate the greatest common divisor of 290761325 and 2525.
2525
What is the highest common divisor of 39 and 10046764?
13
Calculate the highest common divisor of 246 and 1816476.
6
Calculate the highest common factor of 92 and 22080644.
92
Calculate the highest common factor of 227835 and 66645.
45
What is the greatest common divisor of 150893673 and 781?
71
What is the greatest common factor of 10721616 and 400?
16
Calculate the greatest common divisor of 16340 and 26279622.
1634
What is the greatest common divisor of 268 and 1038519966?
134
What is the highest common divisor of 71064702 and 1512?
54
What is the highest common factor of 5259152 and 10496?
656
What is the highest common divisor of 11282892 and 4164?
12
What is the greatest common divisor of 102786827 and 836?
209
What is the highest common divisor of 481249 and 285?
1
Calculate the greatest common factor of 206895 and 1443.
39
What is the greatest common divisor of 11804 and 1348607?
2951
Calculate the highest common divisor of 701729127 and 99.
99
What is the highest common factor of 30965 and 180785?
55
What is the highest common divisor of 961950 and 8200?
50
What is the highest common factor of 2197 and 12841127?
169
What is the greatest common divisor of 31665445 and 665?
35
Calculate the greatest common divisor of 84942 and 188406.
54
Calculate the highest common divisor of 7448652 and 24786.
918
Calculate the greatest common factor of 363530 and 3.
1
Calculate the greatest common divisor of 1665 and 241974.
9
What is the greatest common factor of 6255660 and 690?
30
Calculate the greatest common divisor of 24901 and 3034.
37
What is the greatest common divisor of 1024905 and 2625?
105
What is the greatest common factor of 287624 and 224?
8
What is the greatest common divisor of 1135989 and 438327?
1017
What is the highest common divisor of 11225782 and 2914?
62
What is the greatest common divisor of 7924 and 98543996?
1132
Calculate the highest common factor of 835 and 9603001.
167
What is the greatest common factor of 8394736 and 1428?
476
Calculate the greatest common factor of 244 and 2968382.
122
Calculate the greatest common divisor of 2396132 and 344.
172
What is the highest common factor of 3559568 and 8?
8
Calculate the highest common divisor of 159111732 and 94.
94
What is the greatest common factor of 42 and 8376260?
2
Calculate the greatest common factor of 153 and 222428595.
51
What is the greatest common factor of 142186545 and 165?
15
Calculate the highest common divisor of 428321632 and 22640.
4528
What is the highest common factor of 260141336 and 1456?
728
Calculate the highest common factor of 65039617 and 4322.
2161
What is the highest common factor of 620 and 40130180?
20
What is the greatest common divisor of 22774 and 1000126?
386
Calculate the greatest common divisor of 111104 and 351540.
868
What is the greatest common divisor of 48 and 93649956?
12
What is the highest common divisor of 4788 and 15867964?
532
What is the highest common factor of 277752 and 14994696?
3912
What is the greatest common factor of 1722 and 1018626?
42
What is the greatest common factor of 8848 and 270195800?
4424
Calculate the greatest common divisor of 2351696 and 908048.
1648
Calculate the highest common factor of 643 and 31831072.
643
What is the greatest common factor of 5889 and 4126226?
1963
What is the greatest common factor of 110 and 103413970?
110
Calculate the highest common divisor of 36 and 62724987.
9
Calculate the highest common divisor of 528011352 and 2871.
2871
What is the greatest common divisor of 5625 and 153837?
9
What is the greatest common factor of 31361753 and 173027?
2437
Calculate the greatest common factor of 12414465 and 6525.
1305
What is the highest common factor of 38397786 and 2442?
222
Calculate the highest common divisor of 638740 and 3809.
293
Calculate the highest common factor of 65455 and 6011525.
3445
What is the greatest common factor of 140238 and 68953?
53
What is the highest common divisor of 186716072 and 1192?
1192
Calculate the highest common divisor of 24274 and 440138.
458
Calculate the highest common factor of 169510 and 3162500.
2530
What is the highest common factor of 55597599 and 2091?
2091
What is the greatest common factor of 9846 and 2618424?
18
What is the highest common factor of 37186632 and 504?
504
What is the highest common divisor of 47731 and 274704?
59
Calculate the greatest common factor of 89608275 and 6120.
765
What is the greatest common factor of 48379 and 6565?
101
Calculate the greatest common factor of 817478 and 370.
74
Calculate the greatest common factor of 48371232 and 832.
416
What is the highest common factor of 6310 and 172390?
10
What is the greatest common divisor of 27200 and 106420?
340
What is the greatest common divisor of 258884 and 15982?
122
Calculate the highest common factor of 13136147 and 148.
37
Calculate the greatest common divisor of 51294 and 1075320.
618
What is the highest common factor of 8950 and 48903158?
358
Calculate the highest common divisor of 3486 and 253680.
42
Calculate the greatest common factor of 796137 and 783.
87
What is the highest common factor of 452640 and 40296?
552
Calculate the highest common divisor of 920256179 and 7213.
7213
What is the highest common factor of 1139 and 7816153?
67
What is the greatest common divisor of 5496 and 1701528?
24
What is the greatest common factor of 475 and 35826800?
25
Calculate the greatest common divisor of 2899 and 669149.
13
What is the greatest common divisor of 86904 and 2648?
8
Calculate the greatest common divisor of 74689 and 100643.
19
What is the greatest common div